ase 11?
-249a84
Convert -5d317 (base 14) to base 15.
-479e1
-23032421 (base 5) to base 4
-302020301
Convert -101131 (base 6) to base 3.
-102001001
Convert 2103033224 (base 5) to base 4.
100211003100
Convert 1604376 (base 8) to base 15.
9191e
What is -1b539a (base 15) in base 9?
-2452741
Convert -1241306 (base 7) to base 2.
-100111011001010011
Convert 215506002 (base 7) to base 5.
11313334420
Convert -42550412 (base 6) to base 2.
-100110011010001001000
What is 30213b (base 13) in base 14?
211884
Convert -216550 (base 9) to base 11.
-89312
What is 200200301 (base 4) in base 7?
1063151
Convert -130121043 (base 5) to base 8.
-2315423
651637 (base 9) to base 5
44411343
-305456 (base 7) to base 15
-107b8
What is 604a2 (base 11) in base 8?
254572
What is -161a2 (base 14) in base 8?
-153662
What is 128594 (base 11) in base 3?
101020122222
11001100011100001 (base 2) to base 12
506a9
305145 (base 7) to base 15
10713
What is 1636515 (base 7) in base 4?
313222221
What is -202202130 (base 4) in base 15?
-2bdb3
Convert -1000010101110111010101 (base 2) to base 11.
-12639a8
Convert 2044322 (base 7) to base 15.
4d042
What is 670134 (base 8) in base 12?
aa510
3334d8 (base 14) to base 13
48b078
Convert -7499ba (base 12) to base 4.
-13001221132
52422543 (base 6) to base 16
174e1f
What is 20000201101 (base 3) in base 4?
130331131
-20323101101 (base 4) to base 2
-1000111011010001010001
What is -1012b3 (base 13) in base 12?
-160506
-a91c24 (base 16) to base 9
-22761648
46246122 (base 8) to base 4
212110301102
What is 2291a34 (base 13) in base 4?
220221312133
Convert 1595698 (base 10) to base 2.
110000101100100110010
Convert -10011001100011111 (base 2) to base 12.
-395bb
What is c392 (base 13) in base 15?
7ee5
Convert -54361616 (base 8) to base 7.
-201043464
-3147135 (base 9) to base 14
-31c012
-703bd0 (base 15) to base 3
-101000201012220
Convert 2396549 (base 11) to base 10.
4166688
136454 (base 7) to base 16
66bf
What is -468d (base 15) in base 10?
-14983
Convert 1010012122200 (base 3) to base 13.
17a855
What is -337236c (base 13) in base 6?
-1322344320
Convert 367377 (base 15) to base 13.
7033a8
-15121242 (base 8) to base 6
-201533534
-4829189 (base 10) to base 13
-1001111
What is 2252313 (base 9) in base 15?
190233
-14e1d (base 15) to base 11
-46625
-7845310 (base 9) to base 13
-b4acbc
Convert -636a50 (base 16) to base 13.
-14716c5
600335 (base 10) to base 4
2102210033
What is -10011001001110 (base 2) in base 14?
-3806
Convert -2122211331 (base 5) to base 4.
-101020203022
Convert -221513412 (base 6) to base 9.
-7476178
12402400111 (base 5) to base 11
8695783
47a9e (base 15) to base 14
5d3d2
Convert 103123011201 (base 4) to base 16.
4db161
-311035 (base 7) to base 12
-26947
What is -101110000100010000 (base 2) in base 15?
-3ad93
What is -722766 (base 10) in base 2?
-10110000011101001110
Convert 1ac959 (base 15) to base 3.
2110110120010
Convert -22a96 (base 15) to base 12.
-53a73
What is -40111004 (base 5) in base 16?
-4d3db
Convert -ff4e9 (base 16) to base 13.
-2a7ca4
Convert 589ca (base 13) to base 3.
22020022112
Convert -533264 (base 9) to base 14.
-8390b
What is -312242330 (base 5) in base 2?
-100111011000001100100
What is -336 (base 9) in base 3?
-101020
40343043 (base 5) to base 9
544448
-31022023 (base 4) to base 16
-d28b
What is -232333112331 (base 4) in base 9?
-25154273
What is 22ea20 (base 16) in base 8?
10565040
-10444330 (base 6) to base 7
-2460552
Convert 1000011011000101100 (base 2) to base 13.
98829
What is -4125350 (base 6) in base 16?
-30642
Convert 1222122130 (base 4) to base 7.
3463516
10288329 (base 10) to base 6
1004303053
Convert 55ba99 (base 14) to base 3.
12111000112122
What is -1700154 (base 8) in base 5?
-111213003
Convert 215da (base 15) to base 2.
11001110111100011
What is 1177b41 (base 12) in base 4?
30330202201
2eb772 (base 15) to base 7
25156211
What is -21444036 (base 7) in base 2?
-111000001111100010110
What is 39e30 (base 16) in base 14?
625a0
Convert -4115a1 (base 12) to base 4.
-3320230021
What is -10010110011011111 (base 2) in base 12?
-386a7
-160b81 (base 13) to base 6
-15401223
Convert -44400121 (base 5) to base 10.
-387536
Convert -1414003 (base 5) to base 9.
-44113
What is 1a441 (base 15) in base 8?
246530
What is 4434463 (base 8) in base 4?
10203210303
Convert 2423122 (base 5) to base 14.
1279a
What is 31013340 (base 5) in base 7?
2064025
-3114123 (base 5) to base 3
-2121011221
Convert 27235 (base 16) to base 11.
aa496
Convert 57511 (base 12) to base 15.
247c4
Convert -133322011 (base 4) to base 14.
-358b3
Convert -16263446 (base 7) to base 9.
-2865528
Convert 2102021220122 (base 3) to base 15.
1a5bc8
Convert -29b97c (base 13) to base 10.
-1025426
-1241356 (base 8) to base 3
-122111222220
-10011102233 (base 4) to base 11
-67110a
What is 161561 (base 8) in base 7?
331516
Convert 12220310333 (base 4) to base 12.
6babbb
-4422341300 (base 5) to base 7
-144245133
-11001100111011110 (base 2) to base 3
-12022221011
-120058 (base 12) to base 13
-a2224
What is 5808a (base 15) in base 5?
32432010
Convert 31410125 (base 6) to base 11.
57843a
-20211002020 (base 3) to base 12
-657b0
Convert 464420 (base 7) to base 3.
11020011002
Convert -214223331 (base 5) to base 2.
-11100011000000110001
355231 (base 9) to base 11
136692
Convert -8367119 (base 10) to base 12.
-29760bb
Convert -75445 (base 12) to base 13.
-55397
What is 1674830 (base 10) in base 13?
468431
-342272 (base 10) to base 8
-1234400
Convert -339067 (base 15) to base 11.
-1430653
What is -1661c (base 15) in base 13?
-26b6b
What is -61c4c (base 14) in base 15?
-49c5a
Convert -31e9 (base 15) to base 2.
-10100101001001
Convert 4685b9 (base 13) to base 16.
198f67
226445 (base 8) to base 16
12d25
-10020301113 (base 4) to base 3
-2001002122210
10100110011110000110 (base 2) to base 7
5536636
Convert -212102101000 (base 3) to base 16.
-708c6
-1000011011101101001 (base 2) to base 9
-461042
Convert 4532003 (base 6) to base 5.
24323302
What is -4340122 (base 5) in base 16?
-122ac
Convert 93085 (base 12) to base 16.
2eda5
What is -56786 (base 9) in base 2?
-1001001111000000
Convert -2b012 (base 14) to base 16.
-1a218
What is -1311311002 (base 4) in base 8?
-1656502
Convert -2022021201111 (base 3) to base 7.
-13264162
38479b4 (base 12) to base 15
e8293a
Convert -28d727 (base 14) to base 4.
-11122230113
-553042 (base 9) to base 6
-11025015
Convert -1570430 (base 11) to base 15.
-37e04a
Convert 60068 (base 9) to base 11.
27694
Convert b561a9 (base 14) to base 3.
102112011212010
Convert 3119267 (base 11) to base 16.
53f6cd
What is -11252751 (base 8) in base 15?
-334eba
What is 61621 (base 7) in base 12?
886a
What is 26807 (base 13) in base 4?
101133233
What is 10001001011010111111 (base 2) in base 16?
896bf
What is 232033112 (base 4) in base 2?
101110001111010110
What is -2117994 (base 10) in base 12?
-861836
Convert -103849 (base 10) to base 3.
-12021110021
Convert -6696c9 (base 13) to base 8.
-11166554
-450027 (base 13) to base 11
-a1216a
Convert -2023422312 (base 5) to base 2.
-1111101110101101000001
-422333 (base 5) to base 14
-51c9
What is -1010222 (base 7) in base 14?
-31b12
Convert 94484 (base 16) to base 4.
2110102010
What is -410068 (base 13) in base 2?
-101110001100101011011
-12484 (base 9) to base 16
-20e3
3a95077 (base 11) to base 5
3302014301
What is -465a0 (base 15) in base 4?
-312230121
What is -3312320322 (base 4) in base 15?
-14e973
8688798 (base 10) to base 14
1222686
What is 4252554 (base 6) in base 8?
630626
Convert -11120122102 (base 3) to base 10.
-90137
What is 2310131133 (base 4) in base 10?
739167
-65869 (base 12) to base 7
-1066341
-5553244 (base 6) to base 11
-1809aa
Convert -32321043 (base 5) to base 7.
-2230553
1123004232 (base 6) to base 14
19241ac
Convert 20c15 (base 13) to base 14.
177c4
Convert 1918080 (base 12) to base 8.
24041540
Convert 1211222323 (base 4) to base 3.
210011020211
1175a12 (base 11) to base 16
1f2c61
What is 25a03a (base 11) in base 14?
a8d00
-5795369 (base 10) to base 12
-1b35975
Convert -2211333321 (base 4) to base 13.
-1aa633
What is -5d87ce (base 16) in base 10?
-6129614
Convert 21621152 (base 8) to base 9.
8684781
What is -67862 (base 10) in base 8?
-204426
-3044 (base 13) to base 10
-6647
Convert 235913 (base 13) to base 7.
1010120